{"id":5,"date":"2022-02-20T19:23:41","date_gmt":"2022-02-20T19:23:41","guid":{"rendered":"https:\/\/gjenbrud.no\/?page_id=5"},"modified":"2026-02-22T14:03:35","modified_gmt":"2026-02-22T13:03:35","slug":"kjope","status":"publish","type":"page","link":"https:\/\/gjenbrud.no\/index.php\/kjope\/","title":{"rendered":"Pr\u00f8vetime og kj\u00f8p"},"content":{"rendered":"\n<div class=\"wp-block-group\"><div class=\"wp-block-group__inner-container is-layout-constrained wp-block-group-is-layout-constrained\">\n<p>\u2013&nbsp;<em>gi en brukt brudekjole en ny sjanse<\/em><\/p>\n\n\n<div class=\"wp-block-image is-style-rounded\">\n<figure class=\"aligncenter size-large is-resized\"><img loading=\"lazy\" decoding=\"async\" width=\"1024\" height=\"1024\" src=\"https:\/\/gjenbrud.no\/wp-content\/uploads\/2024\/04\/IMG_20210131_141310_edit_299880383942261-1024x1024.jpg\" alt=\"\" class=\"wp-image-686\" style=\"width:304px;height:auto\" srcset=\"https:\/\/gjenbrud.no\/wp-content\/uploads\/2024\/04\/IMG_20210131_141310_edit_299880383942261-1024x1024.jpg 1024w, https:\/\/gjenbrud.no\/wp-content\/uploads\/2024\/04\/IMG_20210131_141310_edit_299880383942261-300x300.jpg 300w, https:\/\/gjenbrud.no\/wp-content\/uploads\/2024\/04\/IMG_20210131_141310_edit_299880383942261-150x150.jpg 150w, https:\/\/gjenbrud.no\/wp-content\/uploads\/2024\/04\/IMG_20210131_141310_edit_299880383942261-768x768.jpg 768w, https:\/\/gjenbrud.no\/wp-content\/uploads\/2024\/04\/IMG_20210131_141310_edit_299880383942261-1536x1536.jpg 1536w, https:\/\/gjenbrud.no\/wp-content\/uploads\/2024\/04\/IMG_20210131_141310_edit_299880383942261-2048x2048.jpg 2048w, https:\/\/gjenbrud.no\/wp-content\/uploads\/2024\/04\/IMG_20210131_141310_edit_299880383942261-1200x1200.jpg 1200w, https:\/\/gjenbrud.no\/wp-content\/uploads\/2024\/04\/IMG_20210131_141310_edit_299880383942261-1980x1981.jpg 1980w\" sizes=\"auto, (max-width: 1024px) 100vw, 1024px\" \/><\/figure>\n<\/div>\n\n\n<p>En brudekjole er et kvalitetsplagg som t\u00e5ler flere bruk. \u00c5 kj\u00f8pe brukt brudekjole er bra for milj\u00f8et og lommeboken. Gjenbrud gj\u00f8r det enkelt for kommende bruder \u00e5 finne sin brukte dr\u00f8mmekjole! Tenk s\u00e5 fint \u00e5 ha muligheten til \u00e5 komme til ett sted og pr\u00f8ve flere brukte brudekjoler p\u00e5 en gang i hyggelige omgivelser. En slags Finn i fysisk form!<\/p>\n\n\n\n<p>Jeg kan \u00e5 tilby et mangfold av st\u00f8rrelser, stiler og prisklasser,<br>og har per i dag kjoler mellom 1500,- og 20.000,- og fra str 32 \u2013 60<\/p>\n\n\n\n<p>Sortimentet oppdateres fortl\u00f8pende p\u00e5 <a href=\"https:\/\/www.instagram.com\/gjenbrud\">Instagram @gjenbrud. <\/a><\/p>\n\n\n\n<p class=\"has-small-font-size\">Alt som ligger p\u00e5 instagram er i salongen. Men det er ogs\u00e5 alltid flere kjoler i salongen enn p\u00e5 Instagram, da jeg ikke alltid rekker \u00e5 legge ut ting f\u00f8r de blir solgt. <\/p>\n\n\n\n<p>Gjenbrud er \u00e5pen etter avtale. P\u00e5 den m\u00e5ten kan du komme n\u00e5r det passer deg, og se p\u00e5 og pr\u00f8ve de kjolene du vil i ro og mak. <\/p>\n\n\n\n<p>Booking av pr\u00f8vetime kan gj\u00f8res <a href=\"http:\/\/calendly.com\/gjenbrud\">direkte her<\/a>, ved \u00e5 sende epost til gjenbrud at gmail.com eller melding via instagram @ gjenbrud.<\/p>\n<\/div><\/div>\n\n\n\n<div class=\"wp-block-group\"><div class=\"wp-block-group__inner-container is-layout-constrained wp-block-group-is-layout-constrained\">\n<p><strong>Praktisk informasjon<\/strong>:<\/p>\n\n\n\n<p>En pr\u00f8vetime koster 250,-, med mindre du finner dr\u00f8mmekjolen samme dag, da betaler du kun for brudekjolen og evnt. tilbeh\u00f8r du vil ha.<\/p>\n\n\n\n<p>Lokalet er ikke veldig stort, men det er mulig \u00e5 ha med seg noen personer til pr\u00f8ving, 1-2 er mest komfortabelt.<\/p>\n\n\n\n<p>For \u00e5 beskytte kjolene fra flekker, ber jeg om at du begrenser sminken.<\/p>\n\n\n\n<p>Ha gjerne stroppel\u00f8s, myk bh og behagelig, heldekkende truse . Om du vet hvilke sko du skal ha, ta dem med.<\/p>\n\n\n\n<p>De fleste brudekjoler m\u00e5 tilpasses for \u00e5 passe deg perfekt. Jeg kan anbefale flere flinke skreddere og sydamer. <\/p>\n\n\n\n<p>Gi beskjed s\u00e5 fort som mulig om noe oppst\u00e5r s\u00e5 du ikke kan benytte timen likevel. Pr\u00f8vetimen m\u00e5 betales dersom den avlyses samme dag, eller ikke benyttes.<\/p>\n\n\n<div class=\"wp-block-image is-style-rounded\">\n<figure class=\"aligncenter size-large is-resized\"><img loading=\"lazy\" decoding=\"async\" width=\"576\" height=\"1024\" src=\"https:\/\/gjenbrud.no\/wp-content\/uploads\/2024\/04\/IMG_20230724_101047522-576x1024.jpg\" alt=\"\" class=\"wp-image-690\" style=\"width:164px;height:auto\" srcset=\"https:\/\/gjenbrud.no\/wp-content\/uploads\/2024\/04\/IMG_20230724_101047522-576x1024.jpg 576w, https:\/\/gjenbrud.no\/wp-content\/uploads\/2024\/04\/IMG_20230724_101047522-169x300.jpg 169w, https:\/\/gjenbrud.no\/wp-content\/uploads\/2024\/04\/IMG_20230724_101047522-768x1365.jpg 768w, https:\/\/gjenbrud.no\/wp-content\/uploads\/2024\/04\/IMG_20230724_101047522-864x1536.jpg 864w, https:\/\/gjenbrud.no\/wp-content\/uploads\/2024\/04\/IMG_20230724_101047522-1152x2048.jpg 1152w, https:\/\/gjenbrud.no\/wp-content\/uploads\/2024\/04\/IMG_20230724_101047522-1200x2133.jpg 1200w, https:\/\/gjenbrud.no\/wp-content\/uploads\/2024\/04\/IMG_20230724_101047522-1980x3520.jpg 1980w, https:\/\/gjenbrud.no\/wp-content\/uploads\/2024\/04\/IMG_20230724_101047522-scaled.jpg 1440w\" sizes=\"auto, (max-width: 576px) 100vw, 576px\" \/><\/figure>\n<\/div><\/div><\/div>\n","protected":false},"excerpt":{"rendered":"<p>\u2013&nbsp;gi en brukt brudekjole en ny sjanse En brudekjole er et kvalitetsplagg som t\u00e5ler flere bruk. \u00c5 kj\u00f8pe brukt brudekjole er bra for milj\u00f8et og lommeboken. Gjenbrud gj\u00f8r det enkelt for kommende bruder \u00e5 finne sin brukte dr\u00f8mmekjole! Tenk s\u00e5 fint \u00e5 ha muligheten til \u00e5 komme til ett sted og pr\u00f8ve flere brukte brudekjoler [&hellip;]<\/p>\n","protected":false},"author":1,"featured_media":0,"parent":0,"menu_order":0,"comment_status":"closed","ping_status":"closed","template":"","meta":{"advanced_seo_description":"","jetpack_seo_html_title":"","jetpack_seo_noindex":false,"footnotes":""},"class_list":["post-5","page","type-page","status-publish","hentry"],"jetpack_sharing_enabled":true,"_links":{"self":[{"href":"https:\/\/gjenbrud.no\/index.php\/wp-json\/wp\/v2\/pages\/5","targetHints":{"allow":["GET"]}}],"collection":[{"href":"https:\/\/gjenbrud.no\/index.php\/wp-json\/wp\/v2\/pages"}],"about":[{"href":"https:\/\/gjenbrud.no\/index.php\/wp-json\/wp\/v2\/types\/page"}],"author":[{"embeddable":true,"href":"https:\/\/gjenbrud.no\/index.php\/wp-json\/wp\/v2\/users\/1"}],"replies":[{"embeddable":true,"href":"https:\/\/gjenbrud.no\/index.php\/wp-json\/wp\/v2\/comments?post=5"}],"version-history":[{"count":18,"href":"https:\/\/gjenbrud.no\/index.php\/wp-json\/wp\/v2\/pages\/5\/revisions"}],"predecessor-version":[{"id":1519,"href":"https:\/\/gjenbrud.no\/index.php\/wp-json\/wp\/v2\/pages\/5\/revisions\/1519"}],"wp:attachment":[{"href":"https:\/\/gjenbrud.no\/index.php\/wp-json\/wp\/v2\/media?parent=5"}],"curies":[{"name":"wp","href":"https:\/\/api.w.org\/{rel}","templated":true}]}}